at is the tens digit of 1182783?
8
What is the hundred thousands digit of 3130048?
1
What is the millions digit of 3843847?
3
What is the tens digit of 30223728?
2
What is the hundreds digit of 36388?
3
What is the thousands digit of 811282?
1
What is the thousands digit of 504283?
4
What is the hundreds digit of 2826576?
5
What is the units digit of 337658?
8
What is the hundreds digit of 5167680?
6
What is the tens digit of 19276925?
2
What is the ten thousands digit of 90360?
9
What is the ten thousands digit of 8547773?
4
What is the hundreds digit of 6465898?
8
What is the hundreds digit of 539128?
1
What is the units digit of 3445643?
3
What is the tens digit of 406744?
4
What is the hundreds digit of 852261?
2
What is the ten thousands digit of 334620?
3
What is the units digit of 1943216?
6
What is the hundreds digit of 416514?
5
What is the ten thousands digit of 984792?
8
What is the hundreds digit of 325432?
4
What is the hundreds digit of 14824?
8
What is the units digit of 32796?
6
What is the tens digit of 84907?
0
What is the units digit of 68680?
0
What is the hundreds digit of 496020?
0
What is the tens digit of 1140297?
9
What is the tens digit of 350239?
3
What is the ten thousands digit of 531950?
3
What is the ten thousands digit of 1442844?
4
What is the hundred thousands digit of 33016394?
0
What is the ten thousands digit of 21737?
2
What is the hundred thousands digit of 6385236?
3
What is the ten thousands digit of 717168?
1
What is the ten millions digit of 17103480?
1
What is the millions digit of 12110901?
2
What is the hundred thousands digit of 382315?
3
What is the millions digit of 5084721?
5
What is the ten millions digit of 19614864?
1
What is the hundreds digit of 7541227?
2
What is the units digit of 6951413?
3
What is the units digit of 3933910?
0
What is the ten thousands digit of 240973?
4
What is the ten thousands digit of 856231?
5
What is the millions digit of 6057253?
6
What is the thousands digit of 1171902?
1
What is the tens digit of 2441820?
2
What is the thousands digit of 400610?
0
What is the millions digit of 6899021?
6
What is the hundred thousands digit of 793613?
7
What is the hundred thousands digit of 338564?
3
What is the ten thousands digit of 7164883?
6
What is the tens digit of 277731?
3
What is the ten millions digit of 10169567?
1
What is the ten thousands digit of 2306933?
0
What is the hundreds digit of 191179?
1
What is the units digit of 3453329?
9
What is the units digit of 88167?
7
What is the hundreds digit of 151186?
1
What is the hundreds digit of 2740650?
6
What is the tens digit of 3712664?
6
What is the thousands digit of 208860?
8
What is the hundred thousands digit of 5638343?
6
What is the thousands digit of 801414?
1
What is the hundreds digit of 871009?
0
What is the tens digit of 47299?
9
What is the hundreds digit of 189846?
8
What is the millions digit of 2998705?
2
What is the units digit of 15653957?
7
What is the units digit of 3547309?
9
What is the millions digit of 2934100?
2
What is the ten thousands digit of 1022932?
2
What is the units digit of 5049632?
2
What is the millions digit of 3576726?
3
What is the thousands digit of 3700739?
0
What is the hundreds digit of 53458?
4
What is the tens digit of 655348?
4
What is the tens digit of 797800?
0
What is the units digit of 532087?
7
What is the hundreds digit of 89468?
4
What is the thousands digit of 104270?
4
What is the ten thousands digit of 1725669?
2
What is the hundreds digit of 20321?
3
What is the ten thousands digit of 44683?
4
What is the ten thousands digit of 162365?
6
What is the millions digit of 6247263?
6
What is the hundreds digit of 126140?
1
What is the thousands digit of 4454545?
4
What is the thousands digit of 128897?
8
What is the thousands digit of 339769?
9
What is the ten thousands digit of 1693468?
9
What is the ten millions digit of 22018725?
2
What is the tens digit of 163531?
3
What is the thousands digit of 3611469?
1
What is the units digit of 792803?
3
What is the hundreds digit of 19764?
7
What is the thousands digit of 831374?
1
What is the hundreds digit of 510996?
9
What is the ten millions digit of 10218190?
1
What is the hundreds digit of 1673120?
1
What is the ten millions digit of 13836747?
1
What is the hundreds digit of 776348?
3
What is the ten thousands digit of 51594?
5
What is the hundreds digit of 35619?
6
What is the hundreds digit of 5560259?
2
What is the tens digit of 15224025?
2
What is the millions digit of 12814277?
2
What is the tens digit of 2580814?
1
What is the tens digit of 4158145?
4
What is the millions digit of 7257240?
7
What is the hundred thousands digit of 40017079?
0
What is the thousands digit of 81874?
1
What is the hundred thousands digit of 9739653?
7
What is the thousands digit of 471057?
1
What is the ten thousands digit of 4361927?
6
What is the hundreds digit of 208686?
6
What is the tens digit of 8065625?
2
What is the ten thousands digit of 156729?
5
What is the hundreds digit of 2367661?
6
What is the tens digit of 3759406?
0
What is the units digit of 2014729?
9
What is the units digit of 5689294?
4
What is the hundred thousands digit of 9653913?
6
What is the units digit of 8355526?
6
What is the tens digit of 3922364?
6
What is the hundred thousands digit of 514786?
5
What is the hundred thousands digit of 138193?
1
What is the ten thousands digit of 8887523?
8
What is the ten thousands digit of 571539?
7
What is the units digit of 5794444?
4
What is the hundreds digit of 6580262?
2
What is the thousands digit of 271789?
1
What is the tens digit of 6249177?
7
What is the millions digit of 9538214?
9
What is the tens digit of 37938?
3
What is the tens digit of 614065?
6
What is the units digit of 15357804?
4
What is the hundreds digit of 3557442?
4
What is the thousands digit of 229511?
9
What is the hundreds digit of 22480032?
0
What is the units digit of 2482510?
0
What is the thousands digit of 1031998?
1
What is the tens digit of 50983?
8
What is the thousands digit of 248280?
8
What is the hundreds digit of 311515?
5
What is the hundred thousands digit of 2041745?
0
What is the units digit of 9976534?
4
What is the hundred thousands digit of 181445?
1
What is the thousands digit of 72548?
2
What is the thousands digit of 69625?
9
What is the tens digit of 429102?
0
What is the hundred thousands digit of 114006?
1
What is the hundred thousands digit of 194912?
1
What is the millions digit of 26095223?
6
What is the thousands digit of 6589290?
9
What is the hundred thousands digit of 540552?
5
What is the thousands digit of 131051?
1
What is the tens digit of 28008965?
6
What is the ten thousands digit of 227042?
2
What is the units digit of 277120?
0
What is the thousands digit of 63571?
3
What is the ten thousands digit of 361385?
6
What is the hundreds digit of 634300?
3
What is the thousands digit of 185787?
5
What is the tens digit of 225036?
3
What is the hundreds digit of 6959?
9
What is the thousands digit of 1886948?
6
What is the units digit of 246501?
1
What is the hundred thousands digit of 4588559?
5
What is the thousands digit of 758253?
8
What is the hundred thousands digit of 1533024?
5
What is the millions digit of 32125807?
2
What is the units digit of 505824?
4
What is the hundred thousands digit of 1144199?
1
What is the ten thousands digit of 10731729?
3
What is the ten thousands digit of 188847?
8
What is the ten thousands digit of 1623265?
2
What is the hundreds digit of 17738780?
7
What is the tens digit of 116905?
0
What is the tens digit of 1343168?
6
What is the hundreds digit of 134518?
5
What is the ten thousands digit of 592674?
9
What is the tens digit of 388728?
2
What is the thousands digit of 3409711?
9
What is the thousands digit of 145805?
5
What is the ten thousands digit of 196041?
9
What is the hundreds digit of 2161097?
0
What is the hundred thousands digit of 641203?
6
What is the hundred thousands digit of 2271221?
2
What is the hundreds digit of 255927?
9
What is the thousands digit of 14446048?
6
What is the hundreds digit of 295028?
0
What is the hundreds digit of 48605?
6
What is the ten thousands digit of 2048471?
4
What is the thousands digit of 40060894?
0
What is th